-l**2 - 3699*l + 33398. Determine t(9).
26
Let v(s) = 136*s + 31550. What is v(-232)?
-2
Let f(s) = -9*s**2 - 275*s + 3190. Calculate f(9).
-14
Let i(w) = -245951*w + 30989830. What is i(126)?
4
Let i(u) = 7783*u**2 - 210131*u - 265. Calculate i(27).
5
Let v(y) = -y**3 - 258*y**2 + 1318*y + 803. What is v(-263)?
14
Let u(a) = -3*a**3 + 138*a**2 - 521*a - 132. What is u(4)?
-200
Let o(y) = -y**2 + 37*y + 81. Give o(32).
241
Let g(y) = 107*y + 5005. Determine g(-49).
-238
Let f(k) = -2*k**3 + 95*k**2 - 534*k + 52225. Calculate f(52).
121
Let m(v) = -155*v**2 + 1143*v + 215. What is m(7)?
621
Let w(g) = -g**3 + 20*g**2 + 629*g - 5. Calculate w(37).
-5
Let q(v) = 3*v**2 - 10399*v - 104289. What is q(-10)?
1
Let g(p) = -2444*p + 9558. What is g(4)?
-218
Let i(v) = 1012*v + 20224. Give i(-20).
-16
Let z(t) = 2*t**2 + 4*t - 5365. What is z(52)?
251
Let w(s) = -s**3 + 23*s - 594. Give w(-10).
176
Let f(n) = 9*n**3 + 73*n**2 - 252*n - 1614. Give f(-9).
6
Let g(n) = -36025*n - 7060880. Determine g(-196).
20
Let s(y) = 2*y**3 + 31*y**2 + 71*y + 290. Determine s(-14).
-116
Let v(a) = -a**3 - 397*a**2 - 6193*a + 4534. Determine v(-17).
-5
Let g(r) = 2*r**2 + 620*r + 4244. Give g(-7).
2
Let a(t) = -t**2 - 53859*t - 161580. Determine a(-3).
-12
Let u(p) = -75*p**2 - 648*p + 201. Determine u(-9).
-42
Let t(h) = 90*h**2 + 20320*h - 4522. Determine t(-226).
-2
Let p(n) = -120*n**2 + 90*n - 115. Calculate p(2).
-415
Let r(y) = -y**2 + 365259*y - 1826274. What is r(5)?
-4
Let q(w) = -w**2 + 156*w - 3187. What is q(22)?
-239
Let f(w) = w**3 + 14*w**2 - 1104*w - 20287. Give f(-27).
44
Let p(j) = -506*j + 47074. Give p(93).
16
Let h(z) = -6*z**2 - 254*z - 2287. Calculate h(-13).
1
Let j(a) = -1772*a + 2989. What is j(2)?
-555
Let h(f) = -f**2 - 150*f - 8535. Calculate h(-47).
-3694
Let n(w) = -2*w**3 + 73*w**2 + 86*w - 374. Calculate n(37).
1439
Let f(p) = 326*p + 11358. What is f(-38)?
-1030
Let c(i) = -5*i**3 - 10*i**2 - 211*i + 427. What is c(2)?
-75
Let u(s) = -12*s**3 - 94*s**2 - 128*s - 89. What is u(-6)?
-113
Let c(x) = x**2 + 980*x - 2951. What is c(3)?
-2
Let w(z) = -2*z**2 + 392*z - 19017. Determine w(106).
63
Let f(b) = -2494*b + 17225. Determine f(7).
-233
Let i(y) = 2*y**3 - 332*y**2 + 311*y + 3136. Calculate i(165).
1
Let b(p) = 21*p**2 + 85*p - 939. Calculate b(-9).
-3
Let p(s) = s**2 + 9729*s - 1351657. What is p(137)?
-15
Let a(r) = 653*r - 180. Give a(-5).
-3445
Let b(y) = 7364*y + 419893. Give b(-57).
145
Let s(i) = -2*i**2 + 36052*i - 20709220. Determine s(594).
-4
Let w(q) = -2*q**3 + 43*q**2 - 210*q + 74. Calculate w(14).
74
Let t(z) = z**3 - 422*z**2 + 4634*z - 1261. Calculate t(11).
-18
Let d(u) = 59*u**2 + 8*u + 124. Give d(-5).
1559
Let x(o) = 2*o**2 - 499*o - 59023. What is x(338)?
803
Let y(p) = p**3 + 23*p**2 - 3*p - 994. Calculate y(-8).
-10
Let f(d) = -1367*d + 9652. Calculate f(7).
83
Let q(r) = -35836*r + 680887. Give q(19).
3
Let s(a) = -a**3 - 7*a**2 - 8207*a - 49291. Determine s(-6).
-85
Let l(q) = -13455*q - 80697. What is l(-6)?
33
Let k(q) = -q**3 + 86*q**2 + 273*q - 885. What is k(-5)?
25
Let h(c) = 2*c**3 - 13*c**2 - 200*c - 230. What is h(14)?
-90
Let u(w) = -w**3 + 25*w**2 + 169*w + 161. Calculate u(31).
-366
Let a(r) = -31*r**2 - 5360*r + 380. What is a(-173)?
-139
Let s(r) = 31873*r - 1051523. What is s(33)?
286
Let p(m) = 2*m**3 + 200*m**2 + 4757*m + 43. Determine p(-61).
104
Let k(m) = -m**3 - 52*m**2 - 88*m - 4644. Give k(-52).
-68
Let r(d) = 230750*d - 2999751. Give r(13).
-1
Let o(m) = 6*m**3 + 14*m**2 - 310*m - 1601. Determine o(-5).
-451
Let g(s) = 632*s**2 - 13271*s + 2. Calculate g(21).
23
Let s(g) = -732*g**2 + 2206*g + 33. What is s(3)?
63
Let k(a) = -165*a - 646. What is k(21)?
-4111
Let f(u) = 8693*u - 3294608. Determine f(379).
39
Let r(v) = -2153*v**2 + 6454*v + 20. Give r(3).
5
Let j(b) = -2*b**3 + 15*b**2 + 578*b - 96. Determine j(20).
1464
Let g(w) = -3218*w + 3227. Determine g(1).
9
Let b(f) = f**3 - 152*f**2 - 598*f + 20602. Determine b(155).
-13
Let o(h) = 131144*h + 7868638. What is o(-60)?
-2
Let a(s) = -s**2 + 220*s + 430. Give a(222).
-14
Let i(c) = -50*c + 2360. What is i(43)?
210
Let x(v) = -v**3 - 10*v**2 - 808*v - 10951. What is x(-13)?
60
Let p(c) = 6816*c - 36194. Determine p(5).
-2114
Let o(f) = -3668*f + 7323. Give o(2).
-13
Let y(d) = -3*d**3 - 141*d**2 - 21*d + 516. Calculate y(-47).
1503
Let a(w) = -4411*w + 4115. What is a(1)?
-296
Let w(p) = -4*p**3 + 3073*p**2 - 796*p + 21501. Give w(768).
-3
Let g(f) = -209*f + 38233. Give g(183).
-14
Let n(y) = 50549*y + 758218. What is n(-15)?
-17
Let u(y) = -98*y**2 - 859*y + 4990. What is u(4)?
-14
Let y(i) = 3*i**2 - 9692*i - 87237. Calculate y(-9).
234
Let g(y) = 1077*y - 65762. Calculate g(61).
-65
Let u(h) = 2*h**2 + 423*h + 4428. Calculate u(-204).
1368
Let v(b) = 12*b**3 - 994*b**2 - 18*b - 12213. Calculate v(83).
71
Let y(n) = -14*n**2 + 1111*n + 11148. Calculate y(-9).
15
Let z(c) = -523*c - 35359. Determine z(-66).
-841
Let f(n) = 177328*n + 3191900. What is f(-18)?
-4
Let w(v) = -94347*v + 282947. Give w(3).
-94
Let g(b) = 4*b**2 + 255818*b + 1023266. Give g(-4).
58
Let z(j) = 2*j**3 + 297*j**2 - 145*j + 1128. Determine z(-149).
532
Let c(l) = 3*l**3 - 33*l**2 + 19*l + 40. What is c(11)?
249
Let l(t) = -623*t**2 + 87844*t - 557. Determine l(141).
-416
Let f(d) = -49773*d + 199111. Determine f(4).
19
Let a(f) = -6*f**3 - 4402*f**2 - 3550*f - 452994. What is a(-733)?
0
Let r(g) = -8*g**2 + 353*g + 1104. Give r(-3).
-27
Let j(t) = -3*t**2 + 4407*t - 61914. What is j(14)?
-804
Let v(n) = 127*n - 833. Calculate v(9).
310
Let u(p) = -80*p**3 - 143*p**2 - 24*p - 10. Give u(-2).
106
Let l(a) = 2084*a - 18744. Calculate l(9).
12
Let r(b) = -b**3 + 417*b**2 + 394*b + 10425. Determine r(418).
393
Let x(j) = 3*j**3 - 26*j**2 + 44*j + 22. Give x(5).
-33
Let d(u) = -231423*u + 10876865. What is d(47)?
-16
Let q(b) = 24*b**2 - 196*b - 130. Determine q(8).
-162
Let q(r) = -9402*r + 9304. Determine q(1).
-98
Let h(m) = 229*m**3 - 21*m**2 + 60*m - 45. Give h(2).
1823
Let x(t) = -7873*t + 78893. Determine x(10).
163
Let c(z) = -z**2 - 4011*z + 72609. What is c(18)?
87
Let m(i) = -1945*i - 124482. Give m(-64).
-2
Let j(d) = 89821*d + 718579. Give j(-8).
11
Let p(n) = 17*n**3 - 35*n**2 + 894*n - 858. Give p(1).
18
Let c(n) = 1371*n**2 + 35*n + 1. What is c(-1)?
1337
Let r(d) = 239048*d - 2629542. Give r(11).
-14
Let v(d) = -d**3 - 727*d**2 - 56*d - 40650. Determine v(-727).
62
Let s(h) = 6*h**3 - 2*h**2 + 152*h + 152. Determine s(-1).
-8
Let w(a) = -2*a**3 - 901*a**2 + 1370*a + 6360. What is w(-452)?
32
Let j(y) = -30510*y + 61015. Calculate j(2).
-5
Let r(p) = -31*p**2 + 4023*p + 52745. Give r(-12).
5
Let x(b) = -b**3 + 517*b**2 + 152669*b - 212. What is x(-210)?
-2
Let y(l) = -l**2 + 2395*l + 48398. Determine y(-20).
98
Let k(z) = 8*z**3 + 50*z**2 + 26*z + 145. Give k(-6).
61
Let h(y) = 1014*y**3 + 890*y**2 - 891*y - 1. Determine h(1).
1012
Let c(s) = 43*s**3 - 8212*s**2 - 189*s - 620. What is c(191)?
-238
Let z(x) = 255*x - 10088. What is z(40)?
112
Let r(w) = 152*w**2 - 14383*w + 8876. What is r(94)?
-54
Let g(d) = 9454*d - 28504. Determine g(3).
-142
Let n(v) = v**3 + 931*v**2 + 145664*v - 827. Calculate n(-199).
-31
Let v(y) = -y**3 + 56*y**2 + 54*y - 72. Calculate v(-6).
1836
Let x(z) = -3791*z - 435951. Give x(-115).
14
Let u(g) = -g**2 - 85*g - 474. Calculate u(-5).
-74
Let i(x) = x**3 + 11*x**2 + 34*x - 298. What is i(8)?
1190
Let t(z) = -2*z**3 - 508*z**2 - 311*z - 78994. Determine t(-254).
0
Let x(c) = -13837*c - 691880. Calculate x(-50).
-30
Let w(z) = -656*z + 1155. Determine w(2).
-157
Let u(l) = 23049*l + 92290. Calculate u(-4).
94
Let r(k) = 1778*k + 8893. Determine r(-5).
3
Let x(k) = -8*k**3 - 468*k**2 + 231*k + 159. Calculate x(-59).
454
Let x(i) = -756*i + 196556. Determine x(260).
-4
Let n(d) = 90434*d - 61947292. Calculate n(685).
-2
Let r(u) = u**3 - 137*u**2 - 600*u + 25490. Give r(140).
290
Let o(z) = 1390*z + 7151. Give o(-5).
201
Let j(b) = -272*b - 6262. What is j(-22)?
-278
Let f(q) = -13865*q + 27672. Determine f(2).
-58
Let t(g) = -69*g - 1639. What is t(-23)?
-52
Let b(j) = -j**2 - 2618*j + 723238. Calculate b(252).
-2
Let c(v) = 592664*v + 1185296. Calculate c(-2).
-32
Let y(w) = -11*w**2 - 5903*w + 23782. Calculate y